{"id":30,"date":"2018-08-12T21:50:25","date_gmt":"2018-08-12T19:50:25","guid":{"rendered":"http:\/\/www.akabahn.de\/homepage\/?page_id=30"},"modified":"2019-03-11T07:49:00","modified_gmt":"2019-03-11T06:49:00","slug":"signallabor","status":"publish","type":"page","link":"https:\/\/www.akabahn.de\/homepage\/signallabor\/","title":{"rendered":"Signallabor"},"content":{"rendered":"<p>An dieser Stelle m\u00f6chten wir Ihnen in aller K\u00fcrze unser ehemaliges Signallabor am Standort &#8222;Stadtmitte&#8220; der TU Darmstadt vorstellen.<\/p>\n<p>Denn unser eigentliches Anliegen und Ziel unserer ganzen Arbeitseins\u00e4tze sowie unser ganzer Stolz ist das neue <a href=\"http:\/\/www.eisenbahnbetriebsfeld.de\/\" target=\"_blank\" rel=\"noopener noreferrer\">Eisenbahnbetriebsfeld Darmstadt<\/a> am Standort des BW Darmstadt auf dem Gel\u00e4nde der Deutschen Bahn AG.<\/p>\n<h2>Geschichte<\/h2>\n<p>Unser langj\u00e4hriges Domizil war das Signallabor im alten Hauptgeb\u00e4ude der Technischen Universit\u00e4t Darmstadt. Wir haben dort das Praktikum im Eisenbahnbetrieb angeboten und somit die praxisbezogene Ausbildung erm\u00f6glicht, die &#8211; auch an einer Technischen Universit\u00e4t &#8211; f\u00fcr das Verst\u00e4ndnis des gelehrten Stoffes unerl\u00e4\u00dflich ist. Gerade im Eisenbahnwesen erkennt man oft erst bei der praktischen Umsetzung, in welchem Detail der Teufel steckt. Zu dieser Zeit entstanden u. a. Aufs\u00e4tze \u00fcber die Bedienung mechanischer Stellwerke, den Zugleitbetrieb und das Vorgehen bei Falschfahrten (heute: Fahren im Gegengleis).<\/p>\n<p>Durch den AKA Bahn wurden au\u00dferdem eine Zugnummernmeldeanlage und ein elektronisches Stellwerk im Signallabor installiert.<\/p>\n<p>Obwohl wir uns aktiv f\u00fcr die Erhaltung des Signallabors eingesetzt haben, wurde im Juni 2000 die R\u00e4umung angeordnet. AKA Bahn hat einen Vorschlag zur technischen Ausf\u00fchrung des neuen Signallabors erarbeitet und eine Pilotanlage in den R\u00e4umen des Fachgebiets Bahnsysteme und Bahntechnik auf der Lichtwiese in Darmstadt aufgebaut.<\/p>\n<p>Diese Pilotanlage f\u00fchrte schlie\u00dflich zum erfolgreichen Aufbau des Eisenbahnbetriebsfeldes Darmstadt.<\/p>\n<h2>Streckenkarte<\/h2>\n<p><img decoding=\"async\" style=\"display: block; margin: auto; width: 600px; max-width: 100%;\" src=\"..\/wp-content\/uploads\/2018\/08\/signallabor.gif\"><\/p>\n<h2>Fotos<\/h2>\n<div class=\"gallery\"><a href=\"..\/wp-content\/uploads\/2018\/08\/DasEBD-3.jpg\" target=\"_blank\" rel=\"noopener noreferrer\"><img decoding=\"async\" src=\"..\/wp-content\/uploads\/2018\/08\/DasEBD-3.jpg\"><\/a><a href=\"..\/wp-content\/uploads\/2018\/08\/DasEBD-4.jpg\" target=\"_blank\" rel=\"noopener noreferrer\"><img decoding=\"async\" src=\"..\/wp-content\/uploads\/2018\/08\/DasEBD-4.jpg\"><\/a><a href=\"..\/wp-content\/uploads\/2018\/08\/DasEBD-5.jpg\" target=\"_blank\" rel=\"noopener noreferrer\"><img decoding=\"async\" src=\"..\/wp-content\/uploads\/2018\/08\/DasEBD-5.jpg\"><\/a><a href=\"..\/wp-content\/uploads\/2018\/08\/DasEBD-6.jpg\" target=\"_blank\" rel=\"noopener noreferrer\"><img decoding=\"async\" src=\"..\/wp-content\/uploads\/2018\/08\/DasEBD-6.jpg\"><\/a><a href=\"..\/wp-content\/uploads\/2018\/08\/DasEBD-7.jpg\" target=\"_blank\" rel=\"noopener noreferrer\"><img decoding=\"async\" src=\"..\/wp-content\/uploads\/2018\/08\/DasEBD-7.jpg\"><\/a><a href=\"..\/wp-content\/uploads\/2018\/08\/DasEBD-8.jpg\" target=\"_blank\" rel=\"noopener noreferrer\"><img decoding=\"async\" src=\"..\/wp-content\/uploads\/2018\/08\/DasEBD-8.jpg\"><\/a><a href=\"..\/wp-content\/uploads\/2018\/08\/DasEBD-9.jpg\" target=\"_blank\" rel=\"noopener noreferrer\"><img decoding=\"async\" src=\"..\/wp-content\/uploads\/2018\/08\/DasEBD-9.jpg\"><\/a><a href=\"..\/wp-content\/uploads\/2018\/08\/DasEBD-10.jpg\" target=\"_blank\" rel=\"noopener noreferrer\"><img decoding=\"async\" src=\"..\/wp-content\/uploads\/2018\/08\/DasEBD-10.jpg\"><\/a><a href=\"..\/wp-content\/uploads\/2018\/08\/estw_siglab.jpg\" target=\"_blank\" rel=\"noopener noreferrer\"><img decoding=\"async\" src=\"..\/wp-content\/uploads\/2018\/08\/estw_siglab.jpg\"><\/a><a href=\"..\/wp-content\/uploads\/2018\/08\/DasEBD-13.jpg\" target=\"_blank\" rel=\"noopener noreferrer\"><img decoding=\"async\" src=\"..\/wp-content\/uploads\/2018\/08\/DasEBD-13.jpg\"><\/a><a href=\"..\/wp-content\/uploads\/2018\/08\/DasEBD-14.jpg\" target=\"_blank\" rel=\"noopener noreferrer\"><img decoding=\"async\" src=\"..\/wp-content\/uploads\/2018\/08\/DasEBD-14.jpg\"><\/a><a href=\"..\/wp-content\/uploads\/2018\/08\/DasEBD-15.jpg\" target=\"_blank\" rel=\"noopener noreferrer\"><img decoding=\"async\" src=\"..\/wp-content\/uploads\/2018\/08\/DasEBD-15.jpg\"><\/a><a href=\"..\/wp-content\/uploads\/2018\/08\/DasEBD-16.jpg\" target=\"_blank\" rel=\"noopener noreferrer\"><img decoding=\"async\" src=\"..\/wp-content\/uploads\/2018\/08\/DasEBD-16.jpg\"><\/a><\/div>\n<div style=\"clear: both; border: 1px solid grey; border-radius: 0.3rem; padding: 0.5rem; background-color: #ffffaa;\">Haben Sie noch Fotos vom alten Signallabor? Dann schicken Sie uns doch diese f\u00fcr unser Archiv per Email!<\/div>\n","protected":false},"excerpt":{"rendered":"<p>An dieser Stelle m\u00f6chten wir Ihnen in aller K\u00fcrze unser ehemaliges Signallabor am Standort &#8222;Stadtmitte&#8220; der TU Darmstadt vorstellen. Denn unser eigentliches Anliegen und Ziel unserer ganzen Arbeitseins\u00e4tze sowie unser ganzer Stolz ist das neue Eisenbahnbetriebsfeld Darmstadt am Standort des BW Darmstadt auf dem Gel\u00e4nde der Deutschen Bahn AG. Geschichte Unser langj\u00e4hriges Domizil war das [&hellip;]<\/p>\n","protected":false},"author":2,"featured_media":0,"parent":0,"menu_order":5,"comment_status":"closed","ping_status":"closed","template":"","meta":{"footnotes":""},"class_list":["post-30","page","type-page","status-publish","hentry"],"_links":{"self":[{"href":"https:\/\/www.akabahn.de\/homepage\/wp-json\/wp\/v2\/pages\/30","targetHints":{"allow":["GET"]}}],"collection":[{"href":"https:\/\/www.akabahn.de\/homepage\/wp-json\/wp\/v2\/pages"}],"about":[{"href":"https:\/\/www.akabahn.de\/homepage\/wp-json\/wp\/v2\/types\/page"}],"author":[{"embeddable":true,"href":"https:\/\/www.akabahn.de\/homepage\/wp-json\/wp\/v2\/users\/2"}],"replies":[{"embeddable":true,"href":"https:\/\/www.akabahn.de\/homepage\/wp-json\/wp\/v2\/comments?post=30"}],"version-history":[{"count":32,"href":"https:\/\/www.akabahn.de\/homepage\/wp-json\/wp\/v2\/pages\/30\/revisions"}],"predecessor-version":[{"id":267,"href":"https:\/\/www.akabahn.de\/homepage\/wp-json\/wp\/v2\/pages\/30\/revisions\/267"}],"wp:attachment":[{"href":"https:\/\/www.akabahn.de\/homepage\/wp-json\/wp\/v2\/media?parent=30"}],"curies":[{"name":"wp","href":"https:\/\/api.w.org\/{rel}","templated":true}]}}