{"id":16,"date":"2018-08-12T18:41:01","date_gmt":"2018-08-12T16:41:01","guid":{"rendered":"http:\/\/www.akabahn.de\/homepage\/?page_id=16"},"modified":"2025-11-25T22:13:03","modified_gmt":"2025-11-25T21:13:03","slug":"impressum","status":"publish","type":"page","link":"https:\/\/www.akabahn.de\/homepage\/impressum\/","title":{"rendered":"Impressum"},"content":{"rendered":"<p class=\"bodytext\">AKA Bahn e. V.<br \/>\nPostfach 110 110<br \/>\n64216 Darmstadt<\/p>\n<p class=\"bodytext\">E-Mail: <a href=\"mailto:&#105;&#110;f&#111;rm&#97;&#116;&#105;&#111;n&#64;a&#107;a&#98;&#97;&#104;n&#46;&#100;&#101;\" title=\"&#105;&#110;f&#111;rm&#97;&#116;&#105;&#111;n&#64;a&#107;a&#98;&#97;&#104;n&#46;&#100;&#101;\">&#105;&#110;f&#111;rm&#97;&#116;&#105;&#111;n&#64;a&#107;a&#98;&#97;&#104;n&#46;&#100;&#101;<\/a><\/p>\n<p class=\"bodytext\">Internet:\u00a0<a title=\"Homepage von AKA Bahn\" href=\"http:\/\/www.akabahn.de\/\" target=\"_blank\" rel=\"noopener noreferrer\">www.akabahn.de<\/a><\/p>\n<p class=\"bodytext\">F\u00fcr Presse- oder Medienanfragen: <a href=\"mailto:&#112;&#117;&#98;re&#108;&#64;&#97;ka&#98;a&#104;n&#46;&#100;e\" title=\"&#112;&#117;&#98;re&#108;&#64;&#97;ka&#98;a&#104;n&#46;&#100;e\">&#112;&#117;&#98;re&#108;&#64;&#97;ka&#98;a&#104;n&#46;&#100;e<\/a><\/p>\n<p class=\"bodytext\">Vorstand: Jan Niklas Dornbach (Vorsitzender), Holger K\u00f6tting, Peter Eimann, Maximilian Lei\u00dfner<\/p>\n<p>Kassenwart: Holger Metschulat<\/p>\n<p>Schriftf\u00fchrer: Manuel Kaufer<\/p>\n<p>Presse- und Medienreferent: Clemens Wagner<\/p>\n<p class=\"bodytext\">Registergericht: Amtsgericht Darmstadt<br \/>\nRegisternummer: VR 2839<\/p>\n<p class=\"bodytext\"><b>Bankverbindung<\/b><\/p>\n<p class=\"bodytext\"><img loading=\"lazy\" decoding=\"async\" class=\"alignnone size-medium wp-image-838\" src=\"https:\/\/www.akabahn.de\/homepage\/wp-content\/uploads\/2024\/10\/BILD-300x82.png\" alt=\"\" width=\"300\" height=\"82\" srcset=\"https:\/\/www.akabahn.de\/homepage\/wp-content\/uploads\/2024\/10\/BILD-300x82.png 300w, https:\/\/www.akabahn.de\/homepage\/wp-content\/uploads\/2024\/10\/BILD-1024x281.png 1024w, https:\/\/www.akabahn.de\/homepage\/wp-content\/uploads\/2024\/10\/BILD-768x211.png 768w, https:\/\/www.akabahn.de\/homepage\/wp-content\/uploads\/2024\/10\/BILD.png 1356w\" sizes=\"auto, (max-width: 300px) 100vw, 300px\" \/><\/p>\n<p class=\"bodytext\">Hinweis: Da wir als\u00a0<b>gemeinn\u00fctziger Verein<\/b>\u00a0anerkannt sind, k\u00f6nnen wir Ihnen im Falle einer Spende gerne auch eine Spendenquittung ausstellen.<\/p>\n<p class=\"bodytext\">Haftungshinweis: Trotz sorgf\u00e4ltiger inhaltlicher Kontrolle \u00fcbernehmen wir keine Haftung f\u00fcr die Inhalte externer Links. F\u00fcr den Inhalt der verlinkten Seiten sind ausschlie\u00dflich deren Betreiber verantwortlich.<\/p>\n","protected":false},"excerpt":{"rendered":"<p>AKA Bahn e. V. Postfach 110 110 64216 Darmstadt E-Mail: Internet:\u00a0www.akabahn.de F\u00fcr Presse- oder Medienanfragen: Vorstand: Jan Niklas Dornbach (Vorsitzender), Holger K\u00f6tting, Peter Eimann, Maximilian Lei\u00dfner Kassenwart: Holger Metschulat Schriftf\u00fchrer: Manuel Kaufer Presse- und Medienreferent: Clemens Wagner Registergericht: Amtsgericht Darmstadt Registernummer: VR 2839 Bankverbindung Hinweis: Da wir als\u00a0gemeinn\u00fctziger Verein\u00a0anerkannt sind, k\u00f6nnen wir Ihnen im Falle [&hellip;]<\/p>\n","protected":false},"author":2,"featured_media":0,"parent":0,"menu_order":99,"comment_status":"closed","ping_status":"closed","template":"","meta":{"footnotes":""},"class_list":["post-16","page","type-page","status-publish","hentry"],"_links":{"self":[{"href":"https:\/\/www.akabahn.de\/homepage\/wp-json\/wp\/v2\/pages\/16","targetHints":{"allow":["GET"]}}],"collection":[{"href":"https:\/\/www.akabahn.de\/homepage\/wp-json\/wp\/v2\/pages"}],"about":[{"href":"https:\/\/www.akabahn.de\/homepage\/wp-json\/wp\/v2\/types\/page"}],"author":[{"embeddable":true,"href":"https:\/\/www.akabahn.de\/homepage\/wp-json\/wp\/v2\/users\/2"}],"replies":[{"embeddable":true,"href":"https:\/\/www.akabahn.de\/homepage\/wp-json\/wp\/v2\/comments?post=16"}],"version-history":[{"count":15,"href":"https:\/\/www.akabahn.de\/homepage\/wp-json\/wp\/v2\/pages\/16\/revisions"}],"predecessor-version":[{"id":897,"href":"https:\/\/www.akabahn.de\/homepage\/wp-json\/wp\/v2\/pages\/16\/revisions\/897"}],"wp:attachment":[{"href":"https:\/\/www.akabahn.de\/homepage\/wp-json\/wp\/v2\/media?parent=16"}],"curies":[{"name":"wp","href":"https:\/\/api.w.org\/{rel}","templated":true}]}}