{"id":151,"date":"2018-09-01T21:33:10","date_gmt":"2018-09-01T19:33:10","guid":{"rendered":"http:\/\/www.akabahn.de\/homepage\/?page_id=151"},"modified":"2018-09-01T22:05:45","modified_gmt":"2018-09-01T20:05:45","slug":"ausstellung","status":"publish","type":"page","link":"https:\/\/www.akabahn.de\/homepage\/ausstellung\/","title":{"rendered":"Die Ausstellung"},"content":{"rendered":"<p>Anl\u00e4sslich des 15-j\u00e4hrigen Vereinsjubil\u00e4ums, welches im Jahr 2012 ansteht, fand vom 24. Oktober 2011 bis zum 09. Dezember 2011 als Auftakt zum Jubil\u00e4um eine Ausstellung \u00fcber den AKA Bahn e.V. und seine Arbeit statt. In diesem Zeitraum wurden die folgenden Plakate entworfen:<\/p>\n<style>\narticle ul {\n  padding: 0;\n  list-style: none;\n  text-align: center;\n}\narticle li {\n  display: inline-block;\n  margin-bottom: 1rem;\n}\n<\/style>\n<article>\n<ul>\n<li><a href=\"https:\/\/www.akabahn.de\/homepage\/wp-content\/uploads\/2018\/09\/PlakatIntro.jpg\" target=\"_blank\"><img loading=\"lazy\" decoding=\"async\" width=\"212\" height=\"300\" src=\"https:\/\/www.akabahn.de\/homepage\/wp-content\/uploads\/2018\/09\/PlakatIntro-212x300.jpg\" alt=\"\" class=\"alignnone size-medium wp-image-157\" srcset=\"https:\/\/www.akabahn.de\/homepage\/wp-content\/uploads\/2018\/09\/PlakatIntro-212x300.jpg 212w, https:\/\/www.akabahn.de\/homepage\/wp-content\/uploads\/2018\/09\/PlakatIntro-768x1086.jpg 768w, https:\/\/www.akabahn.de\/homepage\/wp-content\/uploads\/2018\/09\/PlakatIntro-724x1024.jpg 724w\" sizes=\"auto, (max-width: 212px) 100vw, 212px\" \/><\/a><\/li>\n<li><a href=\"https:\/\/www.akabahn.de\/homepage\/wp-content\/uploads\/2018\/09\/PlakatAKABahn.jpg\" target=\"_blank\"><img loading=\"lazy\" decoding=\"async\" width=\"212\" height=\"300\" src=\"https:\/\/www.akabahn.de\/homepage\/wp-content\/uploads\/2018\/09\/PlakatAKABahn-212x300.jpg\" alt=\"\" class=\"alignnone size-medium wp-image-154\" srcset=\"https:\/\/www.akabahn.de\/homepage\/wp-content\/uploads\/2018\/09\/PlakatAKABahn-212x300.jpg 212w, https:\/\/www.akabahn.de\/homepage\/wp-content\/uploads\/2018\/09\/PlakatAKABahn-768x1086.jpg 768w, https:\/\/www.akabahn.de\/homepage\/wp-content\/uploads\/2018\/09\/PlakatAKABahn-724x1024.jpg 724w\" sizes=\"auto, (max-width: 212px) 100vw, 212px\" \/><\/a><\/li>\n<li><a href=\"https:\/\/www.akabahn.de\/homepage\/wp-content\/uploads\/2018\/09\/PlakatBahnbetrieb.jpg\" target=\"_blank\"><img loading=\"lazy\" decoding=\"async\" width=\"212\" height=\"300\" src=\"https:\/\/www.akabahn.de\/homepage\/wp-content\/uploads\/2018\/09\/PlakatBahnbetrieb-212x300.jpg\" alt=\"\" class=\"alignnone size-medium wp-image-155\" srcset=\"https:\/\/www.akabahn.de\/homepage\/wp-content\/uploads\/2018\/09\/PlakatBahnbetrieb-212x300.jpg 212w, https:\/\/www.akabahn.de\/homepage\/wp-content\/uploads\/2018\/09\/PlakatBahnbetrieb-768x1086.jpg 768w, https:\/\/www.akabahn.de\/homepage\/wp-content\/uploads\/2018\/09\/PlakatBahnbetrieb-724x1024.jpg 724w\" sizes=\"auto, (max-width: 212px) 100vw, 212px\" \/><\/a><\/li>\n<li><a href=\"https:\/\/www.akabahn.de\/homepage\/wp-content\/uploads\/2018\/09\/Plakat_STW-Geschichte.jpg\" target=\"_blank\"><img loading=\"lazy\" decoding=\"async\" width=\"212\" height=\"300\" src=\"https:\/\/www.akabahn.de\/homepage\/wp-content\/uploads\/2018\/09\/Plakat_STW-Geschichte-212x300.jpg\" alt=\"\" class=\"alignnone size-medium wp-image-153\" srcset=\"https:\/\/www.akabahn.de\/homepage\/wp-content\/uploads\/2018\/09\/Plakat_STW-Geschichte-212x300.jpg 212w, https:\/\/www.akabahn.de\/homepage\/wp-content\/uploads\/2018\/09\/Plakat_STW-Geschichte-768x1086.jpg 768w, https:\/\/www.akabahn.de\/homepage\/wp-content\/uploads\/2018\/09\/Plakat_STW-Geschichte-724x1024.jpg 724w\" sizes=\"auto, (max-width: 212px) 100vw, 212px\" \/><\/a><\/li>\n<li><a href=\"https:\/\/www.akabahn.de\/homepage\/wp-content\/uploads\/2018\/09\/Plakat_EBD-Stw.jpg\" target=\"_blank\"><img loading=\"lazy\" decoding=\"async\" width=\"212\" height=\"300\" src=\"https:\/\/www.akabahn.de\/homepage\/wp-content\/uploads\/2018\/09\/Plakat_EBD-Stw-212x300.jpg\" alt=\"\" class=\"alignnone size-medium wp-image-152\" srcset=\"https:\/\/www.akabahn.de\/homepage\/wp-content\/uploads\/2018\/09\/Plakat_EBD-Stw-212x300.jpg 212w, https:\/\/www.akabahn.de\/homepage\/wp-content\/uploads\/2018\/09\/Plakat_EBD-Stw-768x1086.jpg 768w, https:\/\/www.akabahn.de\/homepage\/wp-content\/uploads\/2018\/09\/Plakat_EBD-Stw-724x1024.jpg 724w\" sizes=\"auto, (max-width: 212px) 100vw, 212px\" \/><\/a><\/li>\n<li><a href=\"https:\/\/www.akabahn.de\/homepage\/wp-content\/uploads\/2018\/09\/PlakatEBD.jpg\" target=\"_blank\"><img loading=\"lazy\" decoding=\"async\" width=\"212\" height=\"300\" src=\"https:\/\/www.akabahn.de\/homepage\/wp-content\/uploads\/2018\/09\/PlakatEBD-212x300.jpg\" alt=\"\" class=\"alignnone size-medium wp-image-156\" srcset=\"https:\/\/www.akabahn.de\/homepage\/wp-content\/uploads\/2018\/09\/PlakatEBD-212x300.jpg 212w, https:\/\/www.akabahn.de\/homepage\/wp-content\/uploads\/2018\/09\/PlakatEBD-768x1086.jpg 768w, https:\/\/www.akabahn.de\/homepage\/wp-content\/uploads\/2018\/09\/PlakatEBD-724x1024.jpg 724w\" sizes=\"auto, (max-width: 212px) 100vw, 212px\" \/><\/a><\/li>\n<li><a href=\"https:\/\/www.akabahn.de\/homepage\/wp-content\/uploads\/2018\/09\/Plakat_EBD-Geschichte.jpg\" target=\"_blank\"><img loading=\"lazy\" decoding=\"async\" width=\"212\" height=\"300\" src=\"https:\/\/www.akabahn.de\/homepage\/wp-content\/uploads\/2018\/09\/Plakat_EBD-Geschichte-212x300.jpg\" alt=\"\" class=\"alignnone size-medium wp-image-158\" srcset=\"https:\/\/www.akabahn.de\/homepage\/wp-content\/uploads\/2018\/09\/Plakat_EBD-Geschichte-212x300.jpg 212w, https:\/\/www.akabahn.de\/homepage\/wp-content\/uploads\/2018\/09\/Plakat_EBD-Geschichte-768x1086.jpg 768w, https:\/\/www.akabahn.de\/homepage\/wp-content\/uploads\/2018\/09\/Plakat_EBD-Geschichte-724x1024.jpg 724w\" sizes=\"auto, (max-width: 212px) 100vw, 212px\" \/><\/a><\/li>\n<\/ul>\n<\/article>\n","protected":false},"excerpt":{"rendered":"<p>Anl\u00e4sslich des 15-j\u00e4hrigen Vereinsjubil\u00e4ums, welches im Jahr 2012 ansteht, fand vom 24. Oktober 2011 bis zum 09. Dezember 2011 als Auftakt zum Jubil\u00e4um eine Ausstellung \u00fcber den AKA Bahn e.V. und seine Arbeit statt. In diesem Zeitraum wurden die folgenden Plakate entworfen:<\/p>\n","protected":false},"author":2,"featured_media":0,"parent":0,"menu_order":0,"comment_status":"closed","ping_status":"closed","template":"","meta":{"footnotes":""},"class_list":["post-151","page","type-page","status-publish","hentry"],"_links":{"self":[{"href":"https:\/\/www.akabahn.de\/homepage\/wp-json\/wp\/v2\/pages\/151","targetHints":{"allow":["GET"]}}],"collection":[{"href":"https:\/\/www.akabahn.de\/homepage\/wp-json\/wp\/v2\/pages"}],"about":[{"href":"https:\/\/www.akabahn.de\/homepage\/wp-json\/wp\/v2\/types\/page"}],"author":[{"embeddable":true,"href":"https:\/\/www.akabahn.de\/homepage\/wp-json\/wp\/v2\/users\/2"}],"replies":[{"embeddable":true,"href":"https:\/\/www.akabahn.de\/homepage\/wp-json\/wp\/v2\/comments?post=151"}],"version-history":[{"count":10,"href":"https:\/\/www.akabahn.de\/homepage\/wp-json\/wp\/v2\/pages\/151\/revisions"}],"predecessor-version":[{"id":175,"href":"https:\/\/www.akabahn.de\/homepage\/wp-json\/wp\/v2\/pages\/151\/revisions\/175"}],"wp:attachment":[{"href":"https:\/\/www.akabahn.de\/homepage\/wp-json\/wp\/v2\/media?parent=151"}],"curies":[{"name":"wp","href":"https:\/\/api.w.org\/{rel}","templated":true}]}}